-32)/(-12))*j/(-3). What are the prime factors of n(s)?
2, 43
Let v = 204 - 155. Let x = v - 33. What are the prime factors of x?
2
Suppose 4 = -5*n + 4*l, 7*l = 10*l - 3. Suppose 6*j - 1632 - 144 = n. List the prime factors of j.
2, 37
Let s(c) = -c - 16. Let r be s(-4). What are the prime factors of (r + 13)/(((-4)/(-265))/4)?
5, 53
Suppose 3*f = 11*v - 16*v - 17275, -v + 4*f - 3478 = 0. List the prime factors of v/(-9) + 1 + 10/(-45).
5, 7, 11
Let g = 23168 + 623. What are the prime factors of g?
37, 643
List the prime factors of (((-35)/(-21))/(-5))/(1264974/(-316242) + 4).
17569
Let u be 1*(-3)/6 - (-63)/14. Suppose 5*n = -4*t + 29, u*t + n = -n + 38. List the prime factors of (1 - -2)*t/3.
11
Let q(b) = -2*b**2 + 3*b - 6. Let y be q(-7). Let a be 10/(-5) - (2 + (-193 - 3)). Let r = y + a. What are the prime factors of r?
67
Let p = 75 - 71. Suppose -2*t = 5*z - 12, p*t + 5*z - 1 = 3. What are the prime factors of (-12)/(-8) + -478*t/16?
11
Let x be 52/(-5 - 42/(-6)). Suppose 0 = x*t - 9*t - 10676. What are the prime factors of t?
2, 157
Let s(q) = -2*q**3 - 9*q**2 + 53*q + 214. What are the prime factors of s(-16)?
2, 37, 71
Suppose 3*r = -11*a + 258744, 0*r = -3*a + 5*r + 70584. List the prime factors of a.
3, 7841
Let j(b) = 9*b**3 - 127*b**2 + 1766*b + 17. List the prime factors of j(22).
3, 79, 103
Let i = 411 + -602. Let j = 247 + i. What are the prime factors of j?
2, 7
Let s = 14261 + -8096. What are the prime factors of s?
3, 5, 137
Let d(f) = 800*f - 2682. List the prime factors of d(16).
2, 5059
Suppose 6*u = 18 + 24. Suppose 2*p = u*p + 4*g - 640, -4*p + 5*g = -553. List the prime factors of p.
2, 3, 11
Let d(f) = -f**2 - 45*f + 214. Let y be d(-42). Suppose -16*p = 3*x - 20*p - 507, 0 = 2*x - 2*p - y. What are the prime factors of x?
173
Let h(t) = t**2 - 33*t + 480. List the prime factors of h(26).
2, 149
Suppose 5*b + 16 = -4*t, 3*t - 5*b - 15 = -2*b. Let z(h) = h. Let d(u) = 53*u**2 + 4*u. Let r(v) = d(v) - 6*z(v). List the prime factors of r(t).
3, 17
Suppose -383 = -5*n + 6*z - 2*z, 5*n = z + 377. Suppose n*v = 70*v + 755. What are the prime factors of v?
151
Let d(p) = -103*p + 53. Let m(v) = 34*v - 18. Let y(k) = -4*d(k) - 11*m(k). Let g be y(7). Suppose 2*u + g = 5*u. List the prime factors of u.
2, 3, 7
Let b be ((-33)/9)/(2/(-192)). Let c = -134 + b. Suppose 7*s = 363 + c. List the prime factors of s.
83
Suppose 0 = -9*x - 24*x + 177705. Suppose -37*i - x = -44050. List the prime factors of i.
5, 11, 19
Suppose g - 36 - 75 = -l, -3*g = -3*l + 303. Let p = l - 47. Let t = p - 36. What are the prime factors of t?
23
Let u = 20253 + -13265. List the prime factors of u.
2, 1747
Suppose -24 = -3*c - 3*g, -2 = 5*c + 3*g - 32. Suppose -v - 802 = -c*v - 5*j, 0 = -2*v - j + 818. List the prime factors of v.
3, 137
Suppose 10*y + 0 = 250. Suppose -y*b - 2344 = -25144. What are the prime factors of b?
2, 3, 19
What are the prime factors of (-300)/(-8)*(558808/69)/4?
5, 3037
Let l be (0/1)/(1/(-1) + 4). Let v be 2/7 - (l - (-2556)/28). Let b = v - -176. List the prime factors of b.
5, 17
Suppose -11*t + 4*t + 455 = 0. Let k = t - 10. What are the prime factors of (328/(-10))/((-22)/k)?
2, 41
Let h be 40/(-50) - 2071/5. Let y = 796 + h. What are the prime factors of y?
3, 127
Suppose -3*v + 2 = -13. Suppose 4*x + v*t = 329, 3*x - t - 255 = -2*t. Suppose -y - 29 = -x. List the prime factors of y.
3, 19
Let r(n) = 45*n + 1. Let j = -58 - -65. Suppose 2*l + 2*a + j = -1, -2*a - 10 = 0. What are the prime factors of r(l)?
2, 23
Suppose -2*h + 42568 = 4*t, 36*t - 40*t + 42576 = -2*h. What are the prime factors of t?
29, 367
Let i(x) = -1219*x - 2006. List the prime factors of i(-7).
61, 107
Suppose -6*t = 1 - 1. Suppose -7*c = -t*c + 63. Let s(b) = b**2 - b - 11. List the prime factors of s(c).
79
Let k(c) = 2*c**2 + 3*c - 93. Suppose 0 = -32*v + 58*v - 312. What are the prime factors of k(v)?
3, 7, 11
Let h = -1972 + 2929. List the prime factors of h.
3, 11, 29
List the prime factors of 19 + 80/(-8) + 3554.
7, 509
Let l = 414 - -202. Suppose -11*j + 4*j + l = 0. List the prime factors of j.
2, 11
Suppose -219 = -11*v + 331. Suppose 4*b - b - 117 = 0. List the prime factors of v/20*(b/1 - -1).
2, 5
Let v(k) = -k**3 + 3*k**2 + 17*k - 2. Let b be v(-3). List the prime factors of (5 - b)/4 + 462.
463
Suppose -5*r - 4*j = -11 - 97, -5*r - 5*j + 105 = 0. Suppose 30 - r = 2*t. Suppose -143 = -5*d + f + 246, -4*d + 309 = -t*f. List the prime factors of d.
2, 3, 13
Let a be 5/4*(9 - 5). Suppose -a*m + m = -388. Suppose 3*k = m + 23. List the prime factors of k.
2, 5
Let a be ((-125)/15 + 7)/((-1)/48). Suppose 3*v = 451 - a. Suppose -5*m + 701 = b, m + 3*b = -0*b + v. List the prime factors of m.
3, 47
Let n = -1874 - -3880. Suppose -d + z + n = 0, -2*d = -87*z + 83*z - 4008. What are the prime factors of d?
2, 251
What are the prime factors of -4*((-57147)/12 - -3)?
19037
Suppose 4*p + l = -1 + 6, 0 = -4*p + 4*l + 20. Let n(m) = -11 - 3*m + 5*m - 10 + 4*m**2 - 2*m**p. What are the prime factors of n(-12)?
3
Let c = 311 - 106. Suppose -5*h + 38 = -2*f + 9, -4*h + 18 = f. Suppose 5*i - h*p = i + c, -i + 55 = -2*p. List the prime factors of i.
3, 5
Suppose 0 = -11*d + 6084 - 419. Let w = 1020 - d. List the prime factors of w.
5, 101
Let z be 2/13 + (-50314)/(-143). Suppose -z*y = -355*y + 1797. List the prime factors of y.
599
Let o = 64433 - 35832. What are the prime factors of o?
37, 773
Suppose -5*r - 2*l = -7, -5 = -0*r - 3*r - l. Let i(x) = 47*x + 4. Let u(z) = -16*z - 1. Let b(p) = r*i(p) + 8*u(p). What are the prime factors of b(10)?
2, 67
Let x be 1*2/(-20) + 1010/100. Let m(h) = -h**3 + 12*h**2 - h - 43. What are the prime factors of m(x)?
3, 7
Let a(o) = 2*o**2 - 13*o + 31. Let f(y) = -y**3 + 2*y**2 - y - 2. Let u be f(-2). List the prime factors of a(u).
5, 67
Let m be (-2 - -3 - 1)/(-4). Suppose 17*q - 13*q - 396 = m. List the prime factors of q.
3, 11
Suppose 0 = -104*y + 122*y. Suppose -2*o + 7277 = n + 4*n, y = 5*o + 20. What are the prime factors of n?
31, 47
Let r(q) = -4736*q + 1055. What are the prime factors of r(-2)?
3, 11, 29
Let u be (9/(-24))/1 - 222021/72. What are the prime factors of (0 - -5)*u/(-30)?
2, 257
Let c be ((-60)/(-90))/((-2)/(-6)). Suppose 3*g + 2*y = 2110, c*g + y = 1348 + 59. What are the prime factors of g?
2, 11
Let u(r) = r**2 + 20*r - 5. Suppose 5*x - 50 = 25. Let w be (3 + (-87)/x)/(4/(-10)). List the prime factors of u(w).
2, 23
Let x = 13468 + -20296. What are the prime factors of 4/10 + x/(-30)?
2, 3, 19
Let a(p) = 5522*p + 182. List the prime factors of a(2).
2, 3, 1871
Let z be (-8)/2*65/(-52). Suppose 4*a - 5*v = -2*v + z, 10 = 4*a - 2*v. Suppose -5*y = a*g - 365, -83 = -y + g - 0*g. List the prime factors of y.
2, 3, 13
Let t be (35/(-21))/5 - (-712)/(-6). Suppose -3*w - 94 - 83 = 0. Let d = w - t. List the prime factors of d.
2, 3, 5
List the prime factors of 64182/6 + (-180)/36.
2, 3, 11
Let q(u) = 8 + u**2 - 10*u + 11 - 1 + u. Let a be q(6). Suppose 5*b - n - 11 = 0, 4*b + a*n = n + 9. List the prime factors of b.
2
List the prime factors of (-69)/(-4)*(11 + 107 + 2).
2, 3, 5, 23
Suppose -4*i - 6 = 2. Let a(q) = 0*q + 3 + 2*q**2 - 7 - 4*q. List the prime factors of a(i).
2, 3
Suppose m + 1520 = 3*k, 0 = -2*k + k + m + 504. Suppose -4*u = -1980 + k. Suppose -4*f + g = -4*g - u, 0 = -f + 5*g + 92. List the prime factors of f.
2, 23
Suppose 5*n + 2752 = -z + 8497, 5*n + 17295 = 3*z. List the prime factors of z.
2, 3, 5
Let s(o) = o**2 - 11*o - 44. Let g(h) = h**2 - 20*h - 19. Let z be g(22). List the prime factors of s(z).
2, 3, 17
Let m(u) = 3*u**2 + 10*u - 47. Suppose 0*j - 4*z + 195 = -5*j, -39 = j + 5*z. Let h = -50 - j. What are the prime factors of m(h)?
2, 103
List the prime factors of ((-6)/(-9))/(12/151812).
2, 4217
Suppose -4*t - 14420 + 646 + 76298 = 0. List the prime factors of t.
7, 11, 29
List the prime factors of (-43794)/(-81)*((-1)/(-2) - 82/(-4)).
2, 7, 811
Suppose -5*y + 5 + 5 = 0. Let b be 1 + (-2 - y - -5) + 1. Suppose b*n = 63 - 18. List the prime factors of n.
3, 5
Let f(h) = -12*h**2 + 3*h - 14. Let y(b) = -b**2. Let x(s) = -f(s) + 3*y(s). Let c be x(-5). Suppose -3*p + 7 + c = 0. List the prime factors of p.
3, 29
Suppose -h = -100 - 38. Let a = 134 - h. Let i(z)